be i(z). Let r = -20 + q. What is the remainder when r is divided by 24?
15
Let h(i) = i**2 + 27*i - 496. What is the remainder when h(-41) is divided by 55?
23
Suppose -14*v + 1072 = 2*v. Let d(p) = -3*p**3 + p + 1. Let j be d(2). Calculate the remainder when 7/j + v/3 is divided by 13.
9
Let l = 882 + -405. What is the remainder when l is divided by 4 - (-76)/(-16) - (-11 + (-3069)/44)?
77
Let q(b) be the first derivative of b**4/4 - 10*b**3/3 + 19*b**2/2 - 2*b + 42. What is the remainder when q(8) is divided by 19?
3
Let o = 29 - 15. Suppose -27*y - 196*y = -58*y - 6435. Calculate the remainder when y is divided by o.
11
Suppose -8*r + 14673 = -3*h, -7*h = -3*r - 5*h + 5505. What is the remainder when r is divided by 32?
9
Let r = 302 + -263. Suppose 3*m - 66 = r. What is the remainder when m is divided by 9?
8
Let t(r) be the third derivative of -r**6/120 + r**5/20 + r**4/12 + 103*r**3/6 + 83*r**2. What is the remainder when t(0) is divided by -1 - -1 - (2 + -54)?
51
Suppose 0*d = -7*d + 7. Let z be (-2 + d)/((-2)/(1 + 13)). Suppose z*t + 66 = 10*t. What is the remainder when 108 is divided by t?
20
Let v = -35 - -35. Suppose -n - 5*l + 12 = v, -3*l = -n - 0*n - 4. Let b(f) = 35*f - 7. Calculate the remainder when b(n) is divided by 16.
15
Let r(o) = -o**3 + 8*o**2 + 121*o + 21. What is the remainder when r(9) is divided by 8?
5
Let t(b) = 7*b**3 - 2 - 3*b**3 - 7*b - 13*b + 4*b**2 + 16*b. What is the remainder when 187 is divided by t(2)?
35
What is the remainder when 1930*(-2)/4*(56 - 57) is divided by 8?
5
Let m be (-4472 - 0)/8*-1. Let x = 589 - m. What is the remainder when 324 is divided by x?
24
Let x(z) = 2211*z - 21675. Calculate the remainder when x(10) is divided by 107.
7
What is the remainder when 13374 is divided by 37 + -1 + -23*1?
10
Let j(u) = -12*u - 70. Let d be j(-6). What is the remainder when 55 is divided by 13 + (-3 - (-3 + d - -2))?
1
Suppose 6*t - 356 = 304. Let q = t + -101. Calculate the remainder when q is divided by 4.
1
Suppose 24*a = 18*a + 276. Suppose n + a = l, l + n = 50 - 12. Calculate the remainder when 331 is divided by l.
37
Let t = 237 + -365. Let u = 176 + t. Calculate the remainder when u is divided by 20.
8
Let r(o) = -5*o**3 + 3*o**2 - 4*o + 13. What is the remainder when 397 is divided by r(-4)?
0
Let r = -29153 - -29282. Calculate the remainder when 5290 is divided by r.
1
Let n = 12144 + -11966. Calculate the remainder when 23317 is divided by n.
177
Calculate the remainder when 16448 is divided by -2*(2 - (2 - -1))*(-1925)/(-22).
173
Suppose 3*f - 88 = -z, 27*z - 72 = -2*f + 29*z. Let a = 10 - 8. Calculate the remainder when f is divided by ((-1)/a)/((-5)/230).
8
Let d = -14105 + 14145. What is the remainder when 849 is divided by d?
9
Let g = -46 + 46. Suppose -3*m = 5*a + 1, 4*m + g*m - 14 = a. Suppose 0 = -2*n + m + 5. Calculate the remainder when 9 is divided by n.
1
Let d(q) = 252*q**2 - q + 12. Calculate the remainder when d(-2) is divided by 33.
32
Let y = -6033 - -9160. Calculate the remainder when y is divided by 116.
111
Let s = -99 - -108. Suppose 6*a + 3*o = 2*a + 1, 4*o + s = 5*a. Calculate the remainder when 4 is divided by a.
0
Suppose j + j - 3*r - 14 = 0, 0 = -2*j - 4*r. Suppose 3*g = -j*m - 39, -4*g + 17 = -2*m - 3*g. What is the remainder when 105 is divided by (m - 1)*324/(-90)?
33
Let w(i) = -15 - 2 - 7 - 2*i. Calculate the remainder when 10 is divided by w(-15).
4
Let l = 36 + -31. Let i = -8 - -5. Let x(f) = 2*f**2 + 6*f + 9. What is the remainder when x(i) is divided by l?
4
Let u(d) = -205*d - 4870. Calculate the remainder when u(-26) is divided by 50.
10
Suppose 2*o - 4*t - 90 = 0, 3*t = 5*o - t - 195. Let r be ((-2)/(-6))/(12/432) - 4. Suppose -18 = -r*h + 78. Calculate the remainder when o is divided by h.
11
Let z(l) = -2*l - 56. Let x be z(11). Let c be (-13)/(-26) - 382/(-4). Let k = c + x. Calculate the remainder when 195 is divided by k.
15
Let j be 1/((-18)/(-148)) + (-8)/36. What is the remainder when (-37)/((-3)/7 + j/(-14)) is divided by 12?
1
Suppose 5*y - 6827 = -4*w, 51*y = 50*y - 5*w + 1378. What is the remainder when y is divided by 15?
13
Suppose 2*k - 12*z + 17*z = -31, 2*k + 2*z = -10. Calculate the remainder when 1965 is divided by k.
1
Let q = -8903 - -14917. Calculate the remainder when q is divided by 177.
173
Let w(d) = d**3 - 14*d**2 + 2*d + 2. Suppose 3*a = -0*o + o - 7, -a = -3. Calculate the remainder when w(14) is divided by o.
14
Let q(w) be the third derivative of w**5/60 + w**4/3 + 5*w**3/2 - 6*w**2 - 3*w. Calculate the remainder when 117 is divided by q(-9).
21
Let z = 766 + -27. Let o = -675 + z. Calculate the remainder when o is divided by 4.
0
Let b(d) = -33*d**3 - 3*d**2 - 16*d - 10. Calculate the remainder when b(-2) is divided by 64.
18
Suppose -146812 = 13*c - 81*c. Calculate the remainder when c is divided by 30.
29
Suppose -3*b = -0*b + 3, 4*b - 5 = -3*q. Suppose 130 = 7*f + q*f. Suppose 4*s = f + 39. What is the remainder when 24 is divided by s?
11
Let t be (0 - 1)*5/((-5)/194). Suppose 3*o - 138 = -v, -5*o + t = 5*v - 46. Suppose 55 = 3*s - 5*u, -u - 1 = -5. Calculate the remainder when o is divided by s.
20
What is the remainder when 166 is divided by ((-2)/3)/((-8)/(-18))*220/(-15)?
12
Let j be 26*5 + -13 + (-7 - -15). Suppose -5*s - 5*t = -j, 15*t - 12*t + 17 = s. Calculate the remainder when 89 is divided by s.
20
Let f(x) = 24*x - 6. Let a = -4 + 10. Suppose z + 138 = 4*k, -3*z - 33 = -2*k + 31. Calculate the remainder when f(a) is divided by k.
33
What is the remainder when 8478/36*884/39 is divided by 60?
58
Let q be (40/(-20))/((4/(-18))/1). Suppose 0 = -2*z + 3*c + 52, -14*c = 2*z - q*c - 36. What is the remainder when 75 is divided by z?
6
Suppose -163 = -2*h + v - 4*v, -v - 333 = -4*h. Let z = -732 + 760. Calculate the remainder when h is divided by z.
27
Let h be 0/(4/(-10)*-5). Suppose h - 3 = -5*v + p, -v - 3*p - 9 = 0. Suppose 5*a = -v*a + 185. Calculate the remainder when 72 is divided by a.
35
Let p = 8 + 99. Let y(a) = 5*a - 30. Let f be y(6). Suppose -c + 4*r + 7 = f, -17 = -c + 3*r - 5. What is the remainder when p is divided by c?
26
Let m = 122 + 124. Let c = -225 + m. Calculate the remainder when 124 is divided by c.
19
Suppose -5*w + 74 = -5*r - 6, 2*w = -r + 26. Calculate the remainder when 16/40 + 2/(-5) - -93 is divided by w.
9
Let i be 1728/120 + (1 - (-2)/(-5)). Suppose -i*a + 114 = -9*a. What is the remainder when 54 is divided by a?
16
Let k(h) = h**2 + 24*h - 57. Let n be k(-27). Calculate the remainder when 212 is divided by ((-519)/692)/((-2)/n + 0).
5
Suppose -3*p - 5*g + 207 = 0, 3*p + 311*g - 314*g = 159. What is the remainder when 188 is divided by p?
11
Calculate the remainder when (30 + -1762)*(-1)/4 is divided by 277.
156
Let f = -2 - -14. Suppose 13*s = -s + 98. Calculate the remainder when (-2 - -9)*s + -3 is divided by f.
10
Let g = 552 + -642. What is the remainder when 35 is divided by 10/g - (-543)/27?
15
Suppose 3*u - 125 = -2*u. Suppose 7*x + 80 = 3*l, -4*l + 184*x - 189*x + 78 = 0. What is the remainder when u is divided by l?
3
Let t(v) = 20*v - 12 + 2*v**2 + 1 - 3*v**2 - 6*v. What is the remainder when (-104)/572 + 1850/11 is divided by t(9)?
32
Let o = -3686 + 4169. What is the remainder when o is divided by 82?
73
Let b = -41 + 158. Suppose 2*t + 1 = 17. Calculate the remainder when b is divided by ((-24)/4)/((-2)/t).
21
Suppose 201 - 210 = -o. Suppose -96 = o*p - 17*p. Let j = 17 + -10. What is the remainder when p is divided by j?
5
What is the remainder when (0 - (-882)/15)*(49 - 9)/4 is divided by 140?
28
Suppose w = 4*i - 24, -3*w - 38 = 3*i + 2*i. Let z = 40 + w. Calculate the remainder when 263 is divided by z.
23
Let b be (0 - -452 - 2) + -7. Let q = -430 + b. Calculate the remainder when q is divided by 2.
1
Let t(c) = c**2 + 3*c - 16*c**3 + c + 4*c**2 + 0*c - 2. Let b be t(-2). Suppose 5*m + 1 + 9 = 0, -2*m = -w + b. Calculate the remainder when w is divided by 34.
32
Let p(l) = 19*l + 74. Let y be p(-6). Let k = y - -63. Let z = 11 - 5. Calculate the remainder when k is divided by z.
5
Suppose 89 = -v - 3*a, -2*v = -7*v + 2*a - 411. Let l = -65 - v. Calculate the remainder when 194 is divided by l.
14
Calculate the remainder when ((-571)/2)/(331/(-662)) 